 2428.
2, 607
List the prime factors of 2052.
2, 3, 19
List the prime factors of 18202.
2, 19, 479
What are the prime factors of 1240?
2, 5, 31
List the prime factors of 2427.
3, 809
What are the prime factors of 174?
2, 3, 29
List the prime factors of 3736.
2, 467
What are the prime factors of 2553?
3, 23, 37
What are the prime factors of 3444?
2, 3, 7, 41
What are the prime factors of 2570?
2, 5, 257
List the prime factors of 1840.
2, 5, 23
List the prime factors of 277.
277
What are the prime factors of 4647?
3, 1549
What are the prime factors of 1953?
3, 7, 31
What are the prime factors of 1264?
2, 79
What are the prime factors of 7052?
2, 41, 43
List the prime factors of 7244.
2, 1811
List the prime factors of 6255.
3, 5, 139
What are the prime factors of 5126?
2, 11, 233
List the prime factors of 1179.
3, 131
What are the prime factors of 389?
389
List the prime factors of 10651.
10651
What are the prime factors of 10493?
7, 1499
What are the prime factors of 220?
2, 5, 11
List the prime factors of 124437.
3, 41479
What are the prime factors of 1840?
2, 5, 23
What are the prime factors of 1852?
2, 463
List the prime factors of 60.
2, 3, 5
List the prime factors of 5112.
2, 3, 71
List the prime factors of 7462.
2, 7, 13, 41
List the prime factors of 42614.
2, 11, 13, 149
List the prime factors of 28852.
2, 7213
List the prime factors of 5799.
3, 1933
List the prime factors of 54345.
3, 5, 3623
What are the prime factors of 3512?
2, 439
What are the prime factors of 252?
2, 3, 7
List the prime factors of 2366.
2, 7, 13
What are the prime factors of 14148?
2, 3, 131
List the prime factors of 6493.
43, 151
What are the prime factors of 23080?
2, 5, 577
What are the prime factors of 35804?
2, 8951
What are the prime factors of 1073?
29, 37
List the prime factors of 760.
2, 5, 19
What are the prime factors of 58323?
3, 19441
List the prime factors of 55076.
2, 7, 281
What are the prime factors of 2392?
2, 13, 23
List the prime factors of 4934.
2, 2467
What are the prime factors of 10592?
2, 331
What are the prime factors of 57?
3, 19
List the prime factors of 3120.
2, 3, 5, 13
What are the prime factors of 120252?
2, 3, 11, 911
List the prime factors of 3114.
2, 3, 173
What are the prime factors of 12682?
2, 17, 373
What are the prime factors of 3769?
3769
List the prime factors of 521.
521
What are the prime factors of 126257?
126257
What are the prime factors of 4587?
3, 11, 139
What are the prime factors of 26?
2, 13
List the prime factors of 95493.
3, 139, 229
List the prime factors of 992.
2, 31
List the prime factors of 5717.
5717
What are the prime factors of 2639?
7, 13, 29
What are the prime factors of 117299?
7, 13, 1289
List the prime factors of 2583.
3, 7, 41
What are the prime factors of 23223?
3, 7741
List the prime factors of 15163.
59, 257
List the prime factors of 3103.
29, 107
List the prime factors of 110.
2, 5, 11
List the prime factors of 8763.
3, 23, 127
List the prime factors of 76783.
7, 1567
List the prime factors of 47255.
5, 13, 727
List the prime factors of 27885.
3, 5, 11, 13
What are the prime factors of 434?
2, 7, 31
What are the prime factors of 759?
3, 11, 23
What are the prime factors of 193?
193
What are the prime factors of 147706?
2, 13, 19, 23
List the prime factors of 706.
2, 353
What are the prime factors of 1263?
3, 421
List the prime factors of 6808.
2, 23, 37
List the prime factors of 1271.
31, 41
What are the prime factors of 145286?
2, 72643
List the prime factors of 8376.
2, 3, 349
What are the prime factors of 13872?
2, 3, 17
List the prime factors of 12657.
3, 4219
List the prime factors of 1609.
1609
What are the prime factors of 109403?
7, 15629
What are the prime factors of 164?
2, 41
What are the prime factors of 6236?
2, 1559
List the prime factors of 13436.
2, 3359
What are the prime factors of 3660?
2, 3, 5, 61
List the prime factors of 5142.
2, 3, 857
What are the prime factors of 1918?
2, 7, 137
List the prime factors of 6507.
3, 241
List the prime factors of 65828.
2, 7, 2351
What are the prime factors of 95449?
31, 3079
List the prime factors of 1446.
2, 3, 241
List the prime factors of 105732.
2, 3, 11, 89
List the prime factors of 559.
13, 43
List the prime factors of 2106.
2, 3, 13
List the prime factors of 25130.
2, 5, 7, 359
List the prime factors of 86620.
2, 5, 61, 71
List the prime factors of 21967.
11, 1997
List the prime factors of 89.
89
What are the prime factors of 21185?
5, 19, 223
What are the prime factors of 24672?
2, 3, 257
What are the prime factors of 13116?
2, 3, 1093
List the prime factors of 4681.
31, 151
List the prime factors of 347.
347
List the prime factors of 32502.
2, 3, 5417
What are the prime factors of 6351?
3, 29, 73
What are the prime factors of 251?
251
What are the prime factors of 23157?
3, 31, 83
What are the prime factors of 1812?
2, 3, 151
What are the prime factors of 47540?
2, 5, 2377
What are the prime factors of 37686?
2, 3, 11, 571
List the prime factors of 6444.
2, 3, 179
What are the prime factors of 13024?
2, 11, 37
What are the prime factors of 6540?
2, 3, 5, 109
What are the prime factors of 10620?
2, 3, 5, 59
What are the prime factors of 2633?
2633
List the prime factors of 635.
5, 127
List the prime factors of 13294.
2, 17, 23
What are the prime factors of 1003?
17, 59
List the prime factors of 5650.
2, 5, 113
List the prime factors of 12070.
2, 5, 17, 71
What are the prime factors of 166132?
2, 41, 1013
What are the prime factors of 2447?
2447
What are the prime factors of 4139?
4139
What are the prime factors of 1018?
2, 509
List the prime factors of 40146.
2, 3, 6691
List the prime factors of 38793.
3, 67, 193
What are the prime factors of 15019?
23, 653
List the prime factors of 100.
2, 5
List the prime factors of 4316.
2, 13, 83
List the prime factors of 21535.
5, 59, 73
What are the prime factors of 1042?
2, 521
What are the prime factors of 699?
3, 233
List the prime factors of 38073.
3, 7, 37
What are the prime factors of 375?
3, 5
List the prime factors of 8707.
8707
List the prime factors of 6314.
2, 7, 11, 41
List the prime factors of 27132.
2, 3, 7, 17, 19
What are the prime factors of 11021?
103, 107
List the prime factors of 95701.
95701
List the prime factors of 2315.
5, 463
List the prime factors of 5694.
2, 3, 13, 73
What are the prime factors of 28231?
7, 37, 109
What are the prime factors of 898?
2, 449
What are the prime factors of 321?
3, 107
What are the prime factors of 269?
269
What are the prime factors of 5111?
19, 269
What are the prime factors of 2227?
17, 131
List the prime factors of 934.
2, 467
List the prime factors of 906.
2, 3, 151
What are the prime factors of 4343?
43, 101
List the prime factors of 61310.
2, 5, 6131
List the prime factors of 65086.
2, 7, 4649
What are the prime factors of 4859?
43, 113
What are the prime factors of 2962?
2, 1481
What are the prime factors of 1585?
5, 317
List the prime factors of 26753.
31, 863
List the prime factors of 3399.
3, 11, 103
List the prime factors of 436.
2, 109
List the prime factors of 6832.
2, 7, 61
What are the prime factors of 969?
3, 17, 19
What are the prime factors of 839?
839
List the prime factors of 2122.
2, 1061
List the prime factors of 12198.
2, 3, 19, 107
List the prime factors of 5797.
11, 17, 31
List the prime factors of 67407.
3, 22469
What are the prime factors of 44836?
2, 11, 1019
List the prime factors of 411.
3, 137
What are the prime factors of 30222?
2, 3, 23, 73
What are the prime factors of 966?
2, 3, 7, 23
List the prime factors of 10563.
3, 7, 503
List the prime factors of 1582.
2, 7, 113
What are the prime factors of 3209?
3209
What are the prime factors of 1619?
1619
List the prime factors of 388.
2, 97
List the prime factors of 5479.
5479
List the prime factors of 30833.
11, 2803
List the prime factors of 33352.
2, 11, 379
List the prime factors of 11900.
2, 5, 7, 17
List the prime factors of 13797.
3, 7, 73
List the prime factors of 10915.
5, 37, 59
What are the prime factors of 2866?
2, 1433
What are the prime factors of 1994?
2, 997
What are the prime factors of 3225?
3, 5, 43
What are the prime factors of 47215?
5, 7, 19, 71
List the prime factors of 281.
281
What are the prime factors of 372?
2, 3, 31
What are 